{"id":933,"date":"2018-06-29T17:10:34","date_gmt":"2018-06-29T20:10:34","guid":{"rendered":"https:\/\/ens4-caba.infd.edu.ar\/sitio\/bodas-de-oro-y-plata-2010\/"},"modified":"2024-09-26T15:12:37","modified_gmt":"2024-09-26T18:12:37","slug":"bodas-de-oro-y-plata-2010","status":"publish","type":"page","link":"https:\/\/ens4-caba.infd.edu.ar\/sitio\/bodas-de-oro-y-plata-2010\/","title":{"rendered":"Coro de la Asociaci\u00f3n"},"content":{"rendered":"<blockquote>\n<h3>\u00bfSab\u00edas que en la Asociaci\u00f3n de Ex Alumnos tenemos un Coro?<\/h3>\n<\/blockquote>\n<h5>Te contamos que desde el a\u00f1o 2023 funciona el coro Samay Huasi, integrado en su mayor\u00eda por ex alumnas, pero tambi\u00e9n por amigos, miembros del personal docente y de familias de la escuela.<br \/>\nEl grupo, que est\u00e1 dirigido por la profesora Lala Ardanaz, se ha presentado en diversos eventos escolares, con un repertorio polif\u00f3nico de m\u00fasica popular.<\/h5>\n<p>No se requiere experiencia coral, ni conocimientos musicales; solo ganas de cantar y de compartir gratos momentos de m\u00fasica en nuestra escuela.<\/p>\n<h5>Ensayamos los d\u00edas jueves de 17 a 19:30.<\/h5>\n<p>Los que quieran sumarse a nosotros, pueden comunicarse con la Asociaci\u00f3n de Ex Alumnos por mail a normal4exalum@gmail.com o mandar un wasap al 11 5504 0067.<\/p>\n<p><img decoding=\"async\" loading=\"lazy\" class=\"alignnone size-full wp-image-3336\" src=\"https:\/\/ens4-caba.infd.edu.ar\/sitio\/wp-content\/uploads\/2024\/09\/Captura-de-pantalla_26-9-2024_15344_.jpeg\" alt=\"\" width=\"602\" height=\"357\" \/><img decoding=\"async\" loading=\"lazy\" class=\"alignnone  wp-image-3341\" src=\"https:\/\/ens4-caba.infd.edu.ar\/sitio\/wp-content\/uploads\/2024\/09\/WhatsApp-Image-2024-09-26-at-12.05.55-666x1000.jpeg\" alt=\"\" width=\"401\" height=\"602\" srcset=\"https:\/\/ens4-caba.infd.edu.ar\/sitio\/wp-content\/uploads\/2024\/09\/WhatsApp-Image-2024-09-26-at-12.05.55-666x1000.jpeg 666w, https:\/\/ens4-caba.infd.edu.ar\/sitio\/wp-content\/uploads\/2024\/09\/WhatsApp-Image-2024-09-26-at-12.05.55-768x1153.jpeg 768w, https:\/\/ens4-caba.infd.edu.ar\/sitio\/wp-content\/uploads\/2024\/09\/WhatsApp-Image-2024-09-26-at-12.05.55-1023x1536.jpeg 1023w, https:\/\/ens4-caba.infd.edu.ar\/sitio\/wp-content\/uploads\/2024\/09\/WhatsApp-Image-2024-09-26-at-12.05.55.jpeg 1066w\" sizes=\"(max-width: 401px) 100vw, 401px\" \/><\/p>\n<p><img decoding=\"async\" loading=\"lazy\" class=\"wp-image-3339 aligncenter\" src=\"https:\/\/ens4-caba.infd.edu.ar\/sitio\/wp-content\/uploads\/2024\/09\/WhatsApp-Image-2024-09-26-at-12.05.56-1000x1000.jpeg\" alt=\"\" width=\"703\" height=\"703\" srcset=\"https:\/\/ens4-caba.infd.edu.ar\/sitio\/wp-content\/uploads\/2024\/09\/WhatsApp-Image-2024-09-26-at-12.05.56-1000x1000.jpeg 1000w, https:\/\/ens4-caba.infd.edu.ar\/sitio\/wp-content\/uploads\/2024\/09\/WhatsApp-Image-2024-09-26-at-12.05.56-500x500.jpeg 500w, https:\/\/ens4-caba.infd.edu.ar\/sitio\/wp-content\/uploads\/2024\/09\/WhatsApp-Image-2024-09-26-at-12.05.56-768x768.jpeg 768w, https:\/\/ens4-caba.infd.edu.ar\/sitio\/wp-content\/uploads\/2024\/09\/WhatsApp-Image-2024-09-26-at-12.05.56.jpeg 1080w\" sizes=\"(max-width: 703px) 100vw, 703px\" \/><\/p>\n","protected":false},"excerpt":{"rendered":"<p>\u00bfSab\u00edas que en la Asociaci\u00f3n de Ex Alumnos tenemos un Coro? Te contamos que desde el a\u00f1o 2023 funciona el coro Samay Huasi, integrado en su mayor\u00eda por ex alumnas, pero tambi\u00e9n por amigos, miembros del personal docente y de familias de la escuela. El grupo, que est\u00e1 dirigido por la profesora Lala Ardanaz, se &#8230; <a title=\"Coro de la Asociaci\u00f3n\" class=\"read-more\" href=\"https:\/\/ens4-caba.infd.edu.ar\/sitio\/bodas-de-oro-y-plata-2010\/\" aria-label=\"More on Coro de la Asociaci\u00f3n\">[+]<\/a><\/p>\n","protected":false},"author":2006,"featured_media":0,"parent":0,"menu_order":0,"comment_status":"closed","ping_status":"closed","template":"","meta":[],"acf":[],"_links":{"self":[{"href":"https:\/\/ens4-caba.infd.edu.ar\/sitio\/wp-json\/wp\/v2\/pages\/933"}],"collection":[{"href":"https:\/\/ens4-caba.infd.edu.ar\/sitio\/wp-json\/wp\/v2\/pages"}],"about":[{"href":"https:\/\/ens4-caba.infd.edu.ar\/sitio\/wp-json\/wp\/v2\/types\/page"}],"author":[{"embeddable":true,"href":"https:\/\/ens4-caba.infd.edu.ar\/sitio\/wp-json\/wp\/v2\/users\/2006"}],"replies":[{"embeddable":true,"href":"https:\/\/ens4-caba.infd.edu.ar\/sitio\/wp-json\/wp\/v2\/comments?post=933"}],"version-history":[{"count":2,"href":"https:\/\/ens4-caba.infd.edu.ar\/sitio\/wp-json\/wp\/v2\/pages\/933\/revisions"}],"predecessor-version":[{"id":3343,"href":"https:\/\/ens4-caba.infd.edu.ar\/sitio\/wp-json\/wp\/v2\/pages\/933\/revisions\/3343"}],"wp:attachment":[{"href":"https:\/\/ens4-caba.infd.edu.ar\/sitio\/wp-json\/wp\/v2\/media?parent=933"}],"curies":[{"name":"wp","href":"https:\/\/api.w.org\/{rel}","templated":true}]}}