{"id":3478,"date":"2025-05-23T12:01:47","date_gmt":"2025-05-23T15:01:47","guid":{"rendered":"https:\/\/ens4-caba.infd.edu.ar\/sitio\/?page_id=3478"},"modified":"2025-07-01T17:43:34","modified_gmt":"2025-07-01T20:43:34","slug":"jornadas-academicas-institucionales","status":"publish","type":"page","link":"https:\/\/ens4-caba.infd.edu.ar\/sitio\/jornadas-academicas-institucionales\/","title":{"rendered":"Jornadas Acad\u00e9micas Internacionales"},"content":{"rendered":"\n<figure class=\"wp-block-image size-full is-resized\"><img decoding=\"async\" loading=\"lazy\" src=\"https:\/\/ens4-caba.infd.edu.ar\/sitio\/wp-content\/uploads\/2025\/05\/logo-y-nombre.jpg\" alt=\"\" class=\"wp-image-3483\" width=\"354\" height=\"121\"\/><\/figure>\n\n\n\n<p><\/p>\n\n\n\n<h3 class=\"wp-block-heading has-text-align-center\"> <strong>I Jornadas Acad\u00e9micas Internacionales \/ IV Jornadas Acad\u00e9micas Interinstitucionale<\/strong>s<\/h3>\n\n\n\n<h4 class=\"wp-block-heading has-text-align-center\">4 y 5 de <strong>septiembre<\/strong><\/h4>\n\n\n\n<p><strong>Encontr\u00e1<\/strong> <strong>toda<\/strong> <strong>la<\/strong> <strong>informaci\u00f3n<\/strong> <strong>ingresando<\/strong> <strong>aqu\u00ed<\/strong>:<\/p>\n\n\n\n<p>&#x1f449;&#x1f3fb; <a rel=\"noreferrer noopener\" href=\"https:\/\/drive.google.com\/file\/d\/1tLEqVVxKQFAwR9PrQfqZCTo-jcGeNp5c\/view?usp=sharing\" target=\"_blank\">1\u00b0 Circular<\/a><\/p>\n\n\n\n<p>&#x1f449; 2\u00b0 <a href=\"https:\/\/drive.google.com\/file\/d\/1BajVO_J8HY22GbwfvpKDWNXMADh_H3a9\/view\">Circular<\/a><\/p>\n\n\n\n<p><\/p>\n\n\n\n<hr class=\"wp-block-separator has-alpha-channel-opacity\"\/>\n\n\n\n<p class=\"has-text-align-center\"><\/p>\n","protected":false},"excerpt":{"rendered":"<p>I Jornadas Acad\u00e9micas Internacionales \/ IV Jornadas Acad\u00e9micas Interinstitucionales 4 y 5 de septiembre Encontr\u00e1 toda la informaci\u00f3n ingresando aqu\u00ed: &#x1f449;&#x1f3fb; 1\u00b0 Circular &#x1f449; 2\u00b0 Circular<\/p>\n","protected":false},"author":2188,"featured_media":0,"parent":0,"menu_order":0,"comment_status":"closed","ping_status":"closed","template":"","meta":[],"acf":[],"_links":{"self":[{"href":"https:\/\/ens4-caba.infd.edu.ar\/sitio\/wp-json\/wp\/v2\/pages\/3478"}],"collection":[{"href":"https:\/\/ens4-caba.infd.edu.ar\/sitio\/wp-json\/wp\/v2\/pages"}],"about":[{"href":"https:\/\/ens4-caba.infd.edu.ar\/sitio\/wp-json\/wp\/v2\/types\/page"}],"author":[{"embeddable":true,"href":"https:\/\/ens4-caba.infd.edu.ar\/sitio\/wp-json\/wp\/v2\/users\/2188"}],"replies":[{"embeddable":true,"href":"https:\/\/ens4-caba.infd.edu.ar\/sitio\/wp-json\/wp\/v2\/comments?post=3478"}],"version-history":[{"count":12,"href":"https:\/\/ens4-caba.infd.edu.ar\/sitio\/wp-json\/wp\/v2\/pages\/3478\/revisions"}],"predecessor-version":[{"id":3572,"href":"https:\/\/ens4-caba.infd.edu.ar\/sitio\/wp-json\/wp\/v2\/pages\/3478\/revisions\/3572"}],"wp:attachment":[{"href":"https:\/\/ens4-caba.infd.edu.ar\/sitio\/wp-json\/wp\/v2\/media?parent=3478"}],"curies":[{"name":"wp","href":"https:\/\/api.w.org\/{rel}","templated":true}]}}