{"id":3410,"date":"2025-04-08T14:26:26","date_gmt":"2025-04-08T17:26:26","guid":{"rendered":"https:\/\/ens4-caba.infd.edu.ar\/sitio\/?page_id=3410"},"modified":"2025-04-08T14:26:27","modified_gmt":"2025-04-08T17:26:27","slug":"instructivos-siu-guarani","status":"publish","type":"page","link":"https:\/\/ens4-caba.infd.edu.ar\/sitio\/instructivos-siu-guarani\/","title":{"rendered":"Instructivos SIU Guaran\u00ed"},"content":{"rendered":"\n<p>Les compartimos dos\u00a0<strong>instructivos<\/strong>\u00a0orientativos creados por el equipo de SIU Guaran\u00ed, (podr\u00e1n acceder clickeando sobre \u00abautogesti\u00f3n\u00bb y \u00abmensajer\u00eda\u00bb)<\/p>\n\n\n\n<ul>\n<li><a href=\"https:\/\/drive.google.com\/file\/d\/1haivZ8lur69zsnCGV-r_sHewklpJRoNb\/view?usp=sharing\" target=\"_blank\" rel=\"noreferrer noopener\">Autogesti\u00f3n<\/a>: En este instructivo encontrar\u00e1n informaci\u00f3n sobre c\u00f3mo consultar sus cursos, cargar notas, crear evaluaciones, cargar de asistencia, realizar el cierre de cursadas y gestionar reportes.<\/li>\n\n\n\n<li><a href=\"https:\/\/drive.google.com\/file\/d\/1DiHsQld63e98MAMf0o4q1CmzjmBLgMFH\/view?usp=sharing\" target=\"_blank\" rel=\"noreferrer noopener\">Mensajer\u00eda<\/a>: Aqu\u00ed ver\u00e1n c\u00f3mo desde el perfil de cada docente se puede enviar mensajes a las distintas comisiones que les llegar\u00e1n a los alumnos en formato mail.<\/li>\n<\/ul>\n","protected":false},"excerpt":{"rendered":"<p>Les compartimos dos\u00a0instructivos\u00a0orientativos creados por el equipo de SIU Guaran\u00ed, (podr\u00e1n acceder clickeando sobre \u00abautogesti\u00f3n\u00bb y \u00abmensajer\u00eda\u00bb)<\/p>\n","protected":false},"author":2188,"featured_media":0,"parent":0,"menu_order":0,"comment_status":"closed","ping_status":"closed","template":"","meta":[],"acf":[],"_links":{"self":[{"href":"https:\/\/ens4-caba.infd.edu.ar\/sitio\/wp-json\/wp\/v2\/pages\/3410"}],"collection":[{"href":"https:\/\/ens4-caba.infd.edu.ar\/sitio\/wp-json\/wp\/v2\/pages"}],"about":[{"href":"https:\/\/ens4-caba.infd.edu.ar\/sitio\/wp-json\/wp\/v2\/types\/page"}],"author":[{"embeddable":true,"href":"https:\/\/ens4-caba.infd.edu.ar\/sitio\/wp-json\/wp\/v2\/users\/2188"}],"replies":[{"embeddable":true,"href":"https:\/\/ens4-caba.infd.edu.ar\/sitio\/wp-json\/wp\/v2\/comments?post=3410"}],"version-history":[{"count":2,"href":"https:\/\/ens4-caba.infd.edu.ar\/sitio\/wp-json\/wp\/v2\/pages\/3410\/revisions"}],"predecessor-version":[{"id":3412,"href":"https:\/\/ens4-caba.infd.edu.ar\/sitio\/wp-json\/wp\/v2\/pages\/3410\/revisions\/3412"}],"wp:attachment":[{"href":"https:\/\/ens4-caba.infd.edu.ar\/sitio\/wp-json\/wp\/v2\/media?parent=3410"}],"curies":[{"name":"wp","href":"https:\/\/api.w.org\/{rel}","templated":true}]}}