{"id":2949,"date":"2023-04-26T11:15:42","date_gmt":"2023-04-26T14:15:42","guid":{"rendered":"https:\/\/ens4-caba.infd.edu.ar\/sitio\/?page_id=2949"},"modified":"2025-07-07T09:45:43","modified_gmt":"2025-07-07T12:45:43","slug":"acerca-de-la-asociacion-cooperadora","status":"publish","type":"page","link":"https:\/\/ens4-caba.infd.edu.ar\/sitio\/acerca-de-la-asociacion-cooperadora\/","title":{"rendered":"Acerca de la asociaci\u00f3n cooperadora"},"content":{"rendered":"\n<hr class=\"wp-block-separator has-alpha-channel-opacity\"\/>\n\n\n\n<p>Esta Asociaci\u00f3n Cooperadora funciona hace mucho tiempo en la Escuela, siempre cuidando y protegiendo el patrimonio escolar y la educaci\u00f3n p\u00fablica.<br>Los que formamos parte de esta Comisi\u00f3n Directiva, somos parte de la Escuela. La recorremos y&nbsp;la conocemos. Trabajamos de manera voluntaria. Es decir, ning\u00fan cooperador cobra un sueldo ni nada parecido por formar parte de La Coope. Es ad-honorem.<br>Tenemos la vocaci\u00f3n de ayudar y constantemente estamos presentando propuestas a las autoridades de la Escuela con el objetivo de ayudar a los alumnos y las familias.<br>Esperamos contar con todos ustedes. No solo es importante el pago de la cuota social porque nos permite realizar mejoras para la Escuela sino que tambi\u00e9n es imprescindible tu colaboraci\u00f3n en eventos, jornadas o cualquier propuesta que La Coope proponga.<br>As\u00ed que sin m\u00e1s, te alentamos a tener una participaci\u00f3n activa y acompa\u00f1arnos.<\/p>\n\n\n\n<hr class=\"wp-block-separator has-alpha-channel-opacity\"\/>\n\n\n\n<p><strong>ORGANIZACI\u00d3N DE LA COOPE<\/strong><\/p>\n\n\n\n<div class=\"wp-block-columns is-layout-flex wp-container-2\">\n<div class=\"wp-block-column is-layout-flow\" style=\"flex-basis:100%\">\n<ul>\n<li><strong>Carla Mart\u00ednez<\/strong>. PRESIDENTA. Ex alumna de la escuela y madre de alumno de nivel medio.<\/li>\n\n\n\n<li><strong>Sonia Soto<\/strong>. SECRETARIA. Madre de alumno de nivel medio.<\/li>\n\n\n\n<li><strong>Graciela Gallo<\/strong>. TESORERA. Ex alumna y ex mam\u00e1 de la escuela, actual abuela de la escuela.<\/li>\n\n\n\n<li><strong>Romina Vacatello<\/strong>. SECRETARIA DE ACTAS. <\/li>\n\n\n\n<li><strong>Laura Neira<\/strong>. VOCAL TITULAR. Madre de un alumno de nivel primario.<\/li>\n\n\n\n<li><strong>Celeste Alberich<\/strong>. VOCAL TITULAR. Madre de alumnos de nivel primario y alumnas de nivel medio.<\/li>\n\n\n\n<li><strong>Mariana L\u00f3pez<\/strong>. VOCAL TITULAR. Ex alumna de la escuela.<\/li>\n\n\n\n<li><strong>Ileana D\u00edaz<\/strong>. VOCAL TITULAR. Madre de alumno de nivel primario y alumna de nivel medio.<\/li>\n\n\n\n<li><strong>Luis Dobricich<\/strong>. VOCAL TITULAR. Padre de una alumna de nivel primario.<\/li>\n\n\n\n<li><strong>Ana Flores<\/strong>. VOCAL TITULAR. Ex alumna de la escuela.<\/li>\n\n\n\n<li><strong>Laura Vacatello<\/strong>. VOCAL SUPLENTE. Ex alumna de la escuela.<\/li>\n\n\n\n<li><strong>Karina Figueroa<\/strong>. VOCAL SUPLENTE. Madre de ex alumnos de la escuela.<\/li>\n<\/ul>\n\n\n\n<hr class=\"wp-block-separator has-alpha-channel-opacity\"\/>\n<\/div>\n<\/div>\n\n\n\n<p><strong>CONTACTATE CON NOSOTROS<\/strong><\/p>\n\n\n\n<p>Correo:&nbsp;<a href=\"https:\/\/ens4-caba.infd.edu.ar\/sitio\/queres-conocer-nuestra-escuela\/cooperadora.ens4de8@bue.edu.ar\">cooperadora.ens4de8@bue.edu.ar<\/a><\/p>\n\n\n\n<p>coopnormal4@yahoo.com.ar<\/p>\n\n\n\n<p>(011) 4902 \u2013 2869<\/p>\n\n\n<div class=\"wp-block-image\">\n<figure class=\"alignleft is-resized\"><a href=\"https:\/\/www.instagram.com\/coope.normalcuatro\/\"><img decoding=\"async\" loading=\"lazy\" src=\"https:\/\/ens4-caba.infd.edu.ar\/sitio\/wp-content\/uploads\/2019\/06\/Instagram.png\" alt=\"\" class=\"wp-image-1766\" width=\"46\" height=\"46\" srcset=\"https:\/\/ens4-caba.infd.edu.ar\/sitio\/wp-content\/uploads\/2019\/06\/Instagram.png 512w, https:\/\/ens4-caba.infd.edu.ar\/sitio\/wp-content\/uploads\/2019\/06\/Instagram-500x500.png 500w\" sizes=\"(max-width: 46px) 100vw, 46px\" \/><\/a><\/figure><\/div>\n\n\n<p><a href=\"https:\/\/www.instagram.com\/coope.normalcuatro\/\"> <\/a>coope.normalcuatro<\/p>\n","protected":false},"excerpt":{"rendered":"<p>Esta Asociaci\u00f3n Cooperadora funciona hace mucho tiempo en la Escuela, siempre cuidando y protegiendo el patrimonio escolar y la educaci\u00f3n p\u00fablica.Los que formamos parte de esta Comisi\u00f3n Directiva, somos parte de la Escuela. La recorremos y&nbsp;la conocemos. Trabajamos de manera voluntaria. Es decir, ning\u00fan cooperador cobra un sueldo ni nada parecido por formar parte de &#8230; <a title=\"Acerca de la asociaci\u00f3n cooperadora\" class=\"read-more\" href=\"https:\/\/ens4-caba.infd.edu.ar\/sitio\/acerca-de-la-asociacion-cooperadora\/\" aria-label=\"More on Acerca de la asociaci\u00f3n cooperadora\">[+]<\/a><\/p>\n","protected":false},"author":2188,"featured_media":0,"parent":0,"menu_order":0,"comment_status":"closed","ping_status":"closed","template":"","meta":[],"acf":[],"_links":{"self":[{"href":"https:\/\/ens4-caba.infd.edu.ar\/sitio\/wp-json\/wp\/v2\/pages\/2949"}],"collection":[{"href":"https:\/\/ens4-caba.infd.edu.ar\/sitio\/wp-json\/wp\/v2\/pages"}],"about":[{"href":"https:\/\/ens4-caba.infd.edu.ar\/sitio\/wp-json\/wp\/v2\/types\/page"}],"author":[{"embeddable":true,"href":"https:\/\/ens4-caba.infd.edu.ar\/sitio\/wp-json\/wp\/v2\/users\/2188"}],"replies":[{"embeddable":true,"href":"https:\/\/ens4-caba.infd.edu.ar\/sitio\/wp-json\/wp\/v2\/comments?post=2949"}],"version-history":[{"count":4,"href":"https:\/\/ens4-caba.infd.edu.ar\/sitio\/wp-json\/wp\/v2\/pages\/2949\/revisions"}],"predecessor-version":[{"id":3607,"href":"https:\/\/ens4-caba.infd.edu.ar\/sitio\/wp-json\/wp\/v2\/pages\/2949\/revisions\/3607"}],"wp:attachment":[{"href":"https:\/\/ens4-caba.infd.edu.ar\/sitio\/wp-json\/wp\/v2\/media?parent=2949"}],"curies":[{"name":"wp","href":"https:\/\/api.w.org\/{rel}","templated":true}]}}

Acerca de la asociación cooperadora

<hr class="wp-block-separator has-alpha-channel-opacity"/>



<p>Esta Asociación Cooperadora funciona hace mucho tiempo en la Escuela, siempre cuidando y protegiendo el patrimonio escolar y la educación pública.<br>Los que formamos parte de esta Comisión Directiva, somos parte de la Escuela. La recorremos y&nbsp;la conocemos. Trabajamos de manera voluntaria. Es decir, ningún cooperador cobra un sueldo ni nada parecido por formar parte de La Coope. Es ad-honorem.<br>Tenemos la vocación de ayudar y constantemente estamos presentando propuestas a las autoridades de la Escuela con el objetivo de ayudar a los alumnos y las familias.<br>Esperamos contar con todos ustedes. No solo es importante el pago de la cuota social porque nos permite realizar mejoras para la Escuela sino que también es imprescindible tu colaboración en eventos, jornadas o cualquier propuesta que La Coope proponga.<br>Así que sin más, te alentamos a tener una participación activa y acompañarnos.</p>



<hr class="wp-block-separator has-alpha-channel-opacity"/>



<p><strong>ORGANIZACIÓN DE LA COOPE</strong></p>



<div class="wp-block-columns is-layout-flex wp-container-2">
<div class="wp-block-column is-layout-flow" style="flex-basis:100%">
<ul>
<li><strong>Carla Martínez</strong>. PRESIDENTA. Ex alumna de la escuela y madre de alumno de nivel medio.</li>



<li><strong>Sonia Soto</strong>. SECRETARIA. Madre de alumno de nivel medio.</li>



<li><strong>Graciela Gallo</strong>. TESORERA. Ex alumna y ex mamá de la escuela, actual abuela de la escuela.</li>



<li><strong>Romina Vacatello</strong>. SECRETARIA DE ACTAS. </li>



<li><strong>Laura Neira</strong>. VOCAL TITULAR. Madre de un alumno de nivel primario.</li>



<li><strong>Celeste Alberich</strong>. VOCAL TITULAR. Madre de alumnos de nivel primario y alumnas de nivel medio.</li>



<li><strong>Mariana López</strong>. VOCAL TITULAR. Ex alumna de la escuela.</li>



<li><strong>Ileana Díaz</strong>. VOCAL TITULAR. Madre de alumno de nivel primario y alumna de nivel medio.</li>



<li><strong>Luis Dobricich</strong>. VOCAL TITULAR. Padre de una alumna de nivel primario.</li>



<li><strong>Ana Flores</strong>. VOCAL TITULAR. Ex alumna de la escuela.</li>



<li><strong>Laura Vacatello</strong>. VOCAL SUPLENTE. Ex alumna de la escuela.</li>



<li><strong>Karina Figueroa</strong>. VOCAL SUPLENTE. Madre de ex alumnos de la escuela.</li>
</ul>



<hr class="wp-block-separator has-alpha-channel-opacity"/>
</div>
</div>



<p><strong>CONTACTATE CON NOSOTROS</strong></p>



<p>Correo:&nbsp;<a href="https://ens4-caba.infd.edu.ar/sitio/queres-conocer-nuestra-escuela/cooperadora.ens4de8@bue.edu.ar">cooperadora.ens4de8@bue.edu.ar</a></p>



<p>coopnormal4@yahoo.com.ar</p>



<p>(011) 4902 – 2869</p>


<div class="wp-block-image">
<figure class="alignleft is-resized"><a href="https://www.instagram.com/coope.normalcuatro/"><img decoding="async" loading="lazy" src="https://ens4-caba.infd.edu.ar/sitio/wp-content/uploads/2019/06/Instagram.png" alt="" class="wp-image-1766" width="46" height="46" srcset="https://ens4-caba.infd.edu.ar/sitio/wp-content/uploads/2019/06/Instagram.png 512w, https://ens4-caba.infd.edu.ar/sitio/wp-content/uploads/2019/06/Instagram-500x500.png 500w" sizes="(max-width: 46px) 100vw, 46px" /></a></figure></div>


<p><a href="https://www.instagram.com/coope.normalcuatro/"> </a>coope.normalcuatro</p>

<p>Esta Asociación Cooperadora funciona hace mucho tiempo en la Escuela, siempre cuidando y protegiendo el patrimonio escolar y la educación pública.Los que formamos parte de esta Comisión Directiva, somos parte de la Escuela. La recorremos y&nbsp;la conocemos. Trabajamos de manera voluntaria. Es decir, ningún cooperador cobra un sueldo ni nada parecido por formar parte de &#8230; <a title="Acerca de la asociación cooperadora" class="read-more" href="https://ens4-caba.infd.edu.ar/sitio/acerca-de-la-asociacion-cooperadora/" aria-label="More on Acerca de la asociación cooperadora">[+]</a></p>
