{"id":2457,"date":"2021-06-18T16:59:40","date_gmt":"2021-06-18T19:59:40","guid":{"rendered":"https:\/\/ens4-caba.infd.edu.ar\/sitio\/?page_id=2457"},"modified":"2022-11-24T11:19:04","modified_gmt":"2022-11-24T14:19:04","slug":"proyecto-archivo-historico-museo-y-huellas-de-la-ens-n4","status":"publish","type":"page","link":"https:\/\/ens4-caba.infd.edu.ar\/sitio\/proyecto-archivo-historico-museo-y-huellas-de-la-ens-n4\/","title":{"rendered":"Proyecto Archivo Hist\u00f3rico, Museo y Huellas de la ENS N\u00b04"},"content":{"rendered":"<p><strong>Proyecto Archivo Hist\u00f3rico, Museo y Huellas de la ENS N\u00b04<\/strong><\/p>\n<p><strong>Acerca de la conformaci\u00f3n del equipo:<\/strong><\/p>\n<p>El Proyecto Archivo Hist\u00f3rico, Museo y Huellas de la ENS N\u00b0 4 es implementado por las profesoras Mar\u00eda Elena Varela y B\u00e1rbara Trebino.<\/p>\n<p><strong>Funci\u00f3n y prop\u00f3sitos del proyecto:<\/strong><\/p>\n<p>El Proyecto Archivo Hist\u00f3rico realiza actividades con docentes de los distintos niveles:<\/p>\n<p>&#8211; visitas guiadas con las escuelas asociadas del barrio para los futuros ingresantes.<\/p>\n<p><img decoding=\"async\" loading=\"lazy\" class=\"alignnone size-full wp-image-2458\" src=\"https:\/\/ens4-caba.infd.edu.ar\/sitio\/wp-content\/uploads\/2021\/06\/Imagen-1.png\" alt=\"\" width=\"885\" height=\"335\" srcset=\"https:\/\/ens4-caba.infd.edu.ar\/sitio\/wp-content\/uploads\/2021\/06\/Imagen-1.png 885w, https:\/\/ens4-caba.infd.edu.ar\/sitio\/wp-content\/uploads\/2021\/06\/Imagen-1-768x291.png 768w\" sizes=\"(max-width: 885px) 100vw, 885px\" \/><\/p>\n<p>&#8211; experiencias con algunos objetos hist\u00f3ricos de laboratorio.<\/p>\n<p>&#8211; preparaci\u00f3n de l\u00e1minas y material espec\u00edfico para alg\u00fan tema en particular sobre fechas destacadas por ejemplo: D\u00eda de la Bandera, Colonizaci\u00f3n, fundaci\u00f3n de la escuela, etc.<\/p>\n<p>&#8211; recorrido hist\u00f3rico desde su fundaci\u00f3n, s\u00edmbolos y tradiciones.<\/p>\n<p>&#8211; generalmente con los \u00faltimos grados de los cuatro niveles participaci\u00f3n y asesoramiento en actos escolares, etc.<\/p>\n<p>Como centro de documentaci\u00f3n, el proyecto facilita el resguardo y la recuperaci\u00f3n de la informaci\u00f3n para responder a la demanda de documentos de los usuarios de manera \u00e1gil y satisfactoria.<\/p>\n<p>Por eso, en el marco de este proyecto se describe, ordena, clasifica, y brinda informaci\u00f3n sobre un determinado hecho o acontecimiento, para resguardar la memoria y conocer la historia de nuestra instituci\u00f3n, que es uno de los elementos fundamentales para el crecimiento y desarrollo de nuestra identidad. El testimonio (oral, escrito, material fotogr\u00e1fico, etc) puede restaurar tanto los tiempos pasados como los presentes de nuestra Escuela Normal Superior N\u00b04. El lenguaje hablado agrega particularidad -privilegios y restricciones- recoge y menciona el pasado reciente de nuestra escuela en la voz del protagonista o testigo. Estos archivos y documentos pueden ser usados para analizar los aspectos de la vida escolar e institucional, as\u00ed como los modos de proceder, tanto en su aspecto real como simb\u00f3lico; utilizarlos como fuente de informaci\u00f3n y consulta que nos permite comprender el presente.<\/p>\n<p><img decoding=\"async\" loading=\"lazy\" class=\"alignnone size-full wp-image-2459\" src=\"https:\/\/ens4-caba.infd.edu.ar\/sitio\/wp-content\/uploads\/2021\/06\/Imagen-2.png\" alt=\"\" width=\"885\" height=\"272\" srcset=\"https:\/\/ens4-caba.infd.edu.ar\/sitio\/wp-content\/uploads\/2021\/06\/Imagen-2.png 885w, https:\/\/ens4-caba.infd.edu.ar\/sitio\/wp-content\/uploads\/2021\/06\/Imagen-2-768x236.png 768w\" sizes=\"(max-width: 885px) 100vw, 885px\" \/><\/p>\n<p>El<strong> Proyecto Archivo Hist\u00f3rico, Museo y Huellas de la ENS N\u00b04 <\/strong>articula con cada uno de los Niveles de nuestra Instituci\u00f3n a trav\u00e9s de diferentes actividades que organiza y presenta el equipo de trabajo.<\/p>\n<p>Con relaci\u00f3n al Nivel Terciario, este proyecto:<\/p>\n<p>&#8211; posibilita el acercamiento de los\/las estudiantes de ambos Profesorados al conocimiento de la trayectoria institucional en el marco de la historia de la educaci\u00f3n en nuestro pa\u00eds, como tambi\u00e9n los cambios y permanencias que acontecen en las instituciones educativas a lo largo del tiempo. De este modo, favorece la articulaci\u00f3n con los diferentes espacios curriculares del Campo de la Formaci\u00f3n General.<\/p>\n<p>-permite adem\u00e1s trabajar en conjunto con los docentes del Campo de la Formaci\u00f3n Espec\u00edfica de cada Profesorado, especialmente en lo relativo a las Ense\u00f1anzas de cada \u00e1rea o Nivel, brindando la posibilidad de analizar documentos y materiales utilizados en los diferentes momentos y contextos.<\/p>\n<p>&#8211; facilita el espacio y los recursos disponibles para el desarrollo de investigaciones, pr\u00e1cticas y proyectos en el marco del Campo de la Formaci\u00f3n en las Pr\u00e1cticas Docentes de ambas carreras.<\/p>\n<p><strong>Sobre la historia del proyecto:<\/strong><\/p>\n<p>Este proyecto de extensi\u00f3n comenz\u00f3 en el a\u00f1o 2013 con las Prof. Ma. Elena Varela y B\u00e1rbara Trebino y desde entonces, fue modific\u00e1ndose y adapt\u00e1ndose a las realidades socioeducativas de nuestra instituci\u00f3n. Originalmente surgi\u00f3 como <strong>Archivo Hist\u00f3rico y Centro de Documentaci\u00f3n<\/strong>, con el antecedente de tareas de clasificaci\u00f3n y organizaci\u00f3n de los materiales y documentos, llevadas a cabo con el apoyo de horas institucionales del Nivel Terciario. Luego a partir del ciclo lectivo 2016 pudimos contar con la incorporaci\u00f3n de la Prof. Marina Chifflet. Y finalmente en el a\u00f1o 2018 cuando ya hab\u00edamos conseguido un espacio f\u00edsico para el museo, el proyecto qued\u00f3 establecido como <strong>Archivo Hist\u00f3rico, Museo y Huellas de la ENS N\u00b04.<\/strong><\/p>\n<p><strong>La Noche de los Museos<\/strong><\/p>\n<p>Uno de los principales motores que nos permiti\u00f3 acercar a toda la Comunidad Educativa de los distintos niveles de nuestra instituci\u00f3n, fue la participaci\u00f3n en <strong>La Noche de los Museos desde el a\u00f1o 2016, 2017 y 2018 <\/strong>hemos estado exhibiendo distintas tem\u00e1ticas y actividades educativas. Este evento hizo que, tanto alumnos, como docentes, no docentes, ex alumnos y familias pudieran disfrutar de las actividades ofrecidas durante el a\u00f1o y as\u00ed conocer m\u00e1s de cerca \u201csu escuela\u201d y desarrollar o acrecentar el sentido de pertenencia.<\/p>\n<p>La apertura al p\u00fablico en general, logr\u00f3 un gran impacto en la comunidad ya que posibilit\u00f3 que la comunidad del barrio y de otros lugares m\u00e1s lejanos, conociera en profundidad el colegio, su historia pasada y presente.<\/p>\n<p><img decoding=\"async\" loading=\"lazy\" class=\"alignnone size-full wp-image-2460\" src=\"https:\/\/ens4-caba.infd.edu.ar\/sitio\/wp-content\/uploads\/2021\/06\/Imagen-3.png\" alt=\"\" width=\"885\" height=\"616\" srcset=\"https:\/\/ens4-caba.infd.edu.ar\/sitio\/wp-content\/uploads\/2021\/06\/Imagen-3.png 885w, https:\/\/ens4-caba.infd.edu.ar\/sitio\/wp-content\/uploads\/2021\/06\/Imagen-3-768x535.png 768w\" sizes=\"(max-width: 885px) 100vw, 885px\" \/><\/p>\n<p><strong>Museo ENS N\u00b0 4 \u201cRoberto Gargiulo\u201d<\/strong><\/p>\n<p>A medida que fue creciendo el volumen de material y patrimonio valioso de diversas fuentes, pudimos darle cierta accesibilidad y llegamos hasta el trabajo minucioso y dedicado que hab\u00eda llevado en un principio, el Prof. Roberto Gargiulo, docente de Cs.Sociales, Pr\u00e1ctica y Residencia del Nivel Terciario quien se encuentra hoy en d\u00eda jubilado, pero sigue brind\u00e1ndonos asesoramiento y material. \u00c9l, hab\u00eda preservado y preparado con varios alumnos y docentes de los niveles, material y herramientas did\u00e1cticas para articular con los futuros maestros tanto del Nivel Inicial como del Nivel Primario de nuestra escuela. Fue entonces que a partir del 2 de mayo de 2019 inauguramos oficialmente el Museo iniciado por el \u201cProf. Gargiulo\u201d.<\/p>\n<p><img decoding=\"async\" loading=\"lazy\" class=\"alignnone size-full wp-image-2461\" src=\"https:\/\/ens4-caba.infd.edu.ar\/sitio\/wp-content\/uploads\/2021\/06\/Imagen-4.png\" alt=\"\" width=\"885\" height=\"306\" srcset=\"https:\/\/ens4-caba.infd.edu.ar\/sitio\/wp-content\/uploads\/2021\/06\/Imagen-4.png 885w, https:\/\/ens4-caba.infd.edu.ar\/sitio\/wp-content\/uploads\/2021\/06\/Imagen-4-768x266.png 768w\" sizes=\"(max-width: 885px) 100vw, 885px\" \/><\/p>\n<p>All\u00ed exponemos varios objetos hist\u00f3ricos, material did\u00e1ctico utilizado desde los inicios de la Escuela Normal Nacional hasta la escuela de hoy.<\/p>\n<p><img decoding=\"async\" loading=\"lazy\" class=\"alignnone size-full wp-image-2462\" src=\"https:\/\/ens4-caba.infd.edu.ar\/sitio\/wp-content\/uploads\/2021\/06\/Imagen-5.png\" alt=\"\" width=\"885\" height=\"283\" srcset=\"https:\/\/ens4-caba.infd.edu.ar\/sitio\/wp-content\/uploads\/2021\/06\/Imagen-5.png 885w, https:\/\/ens4-caba.infd.edu.ar\/sitio\/wp-content\/uploads\/2021\/06\/Imagen-5-768x246.png 768w\" sizes=\"(max-width: 885px) 100vw, 885px\" \/><\/p>\n<p><strong>El proyecto en contexto de pandemia:<\/strong><\/p>\n<p>El a\u00f1o 2020, nos trajo nuevos desaf\u00edos ya que hizo que debi\u00e9ramos empezar a transitar las nuevas modalidades de interacci\u00f3n digital y nos dio tambi\u00e9n la posibilidad de seguir capacit\u00e1ndonos con el equipo de Huellas de la Escuela y realizar algunos trabajos de conservaci\u00f3n y participaciones virtuales en algunos eventos.<\/p>\n<p><strong>Contacto con el equipo a cargo del proyecto:<\/strong><\/p>\n<p>Mail: <a href=\"mailto:ens4dmuseos@gmail.com\">ens4dmuseos@gmail.com<\/a><\/p>\n<p>Sitio Web: http: \/\/museoens4.com\/ (en desarrollo).<\/p>\n","protected":false},"excerpt":{"rendered":"<p>Proyecto Archivo Hist\u00f3rico, Museo y Huellas de la ENS N\u00b04 Acerca de la conformaci\u00f3n del equipo: El Proyecto Archivo Hist\u00f3rico, Museo y Huellas de la ENS N\u00b0 4 es implementado por las profesoras Mar\u00eda Elena Varela y B\u00e1rbara Trebino. Funci\u00f3n y prop\u00f3sitos del proyecto: El Proyecto Archivo Hist\u00f3rico realiza actividades con docentes de los distintos &#8230; <a title=\"Proyecto Archivo Hist\u00f3rico, Museo y Huellas de la ENS N\u00b04\" class=\"read-more\" href=\"https:\/\/ens4-caba.infd.edu.ar\/sitio\/proyecto-archivo-historico-museo-y-huellas-de-la-ens-n4\/\" aria-label=\"More on Proyecto Archivo Hist\u00f3rico, Museo y Huellas de la ENS N\u00b04\">[+]<\/a><\/p>\n","protected":false},"author":7,"featured_media":0,"parent":0,"menu_order":0,"comment_status":"closed","ping_status":"closed","template":"","meta":[],"acf":[],"_links":{"self":[{"href":"https:\/\/ens4-caba.infd.edu.ar\/sitio\/wp-json\/wp\/v2\/pages\/2457"}],"collection":[{"href":"https:\/\/ens4-caba.infd.edu.ar\/sitio\/wp-json\/wp\/v2\/pages"}],"about":[{"href":"https:\/\/ens4-caba.infd.edu.ar\/sitio\/wp-json\/wp\/v2\/types\/page"}],"author":[{"embeddable":true,"href":"https:\/\/ens4-caba.infd.edu.ar\/sitio\/wp-json\/wp\/v2\/users\/7"}],"replies":[{"embeddable":true,"href":"https:\/\/ens4-caba.infd.edu.ar\/sitio\/wp-json\/wp\/v2\/comments?post=2457"}],"version-history":[{"count":3,"href":"https:\/\/ens4-caba.infd.edu.ar\/sitio\/wp-json\/wp\/v2\/pages\/2457\/revisions"}],"predecessor-version":[{"id":2728,"href":"https:\/\/ens4-caba.infd.edu.ar\/sitio\/wp-json\/wp\/v2\/pages\/2457\/revisions\/2728"}],"wp:attachment":[{"href":"https:\/\/ens4-caba.infd.edu.ar\/sitio\/wp-json\/wp\/v2\/media?parent=2457"}],"curies":[{"name":"wp","href":"https:\/\/api.w.org\/{rel}","templated":true}]}}

Proyecto Archivo Histórico, Museo y Huellas de la ENS N°4

<p><strong>Proyecto Archivo Histórico, Museo y Huellas de la ENS N°4</strong></p>
<p><strong>Acerca de la conformación del equipo:</strong></p>
<p>El Proyecto Archivo Histórico, Museo y Huellas de la ENS N° 4 es implementado por las profesoras María Elena Varela y Bárbara Trebino.</p>
<p><strong>Función y propósitos del proyecto:</strong></p>
<p>El Proyecto Archivo Histórico realiza actividades con docentes de los distintos niveles:</p>
<p>&#8211; visitas guiadas con las escuelas asociadas del barrio para los futuros ingresantes.</p>
<p><img decoding="async" loading="lazy" class="alignnone size-full wp-image-2458" src="https://ens4-caba.infd.edu.ar/sitio/wp-content/uploads/2021/06/Imagen-1.png" alt="" width="885" height="335" srcset="https://ens4-caba.infd.edu.ar/sitio/wp-content/uploads/2021/06/Imagen-1.png 885w, https://ens4-caba.infd.edu.ar/sitio/wp-content/uploads/2021/06/Imagen-1-768x291.png 768w" sizes="(max-width: 885px) 100vw, 885px" /></p>
<p>&#8211; experiencias con algunos objetos históricos de laboratorio.</p>
<p>&#8211; preparación de láminas y material específico para algún tema en particular sobre fechas destacadas por ejemplo: Día de la Bandera, Colonización, fundación de la escuela, etc.</p>
<p>&#8211; recorrido histórico desde su fundación, símbolos y tradiciones.</p>
<p>&#8211; generalmente con los últimos grados de los cuatro niveles participación y asesoramiento en actos escolares, etc.</p>
<p>Como centro de documentación, el proyecto facilita el resguardo y la recuperación de la información para responder a la demanda de documentos de los usuarios de manera ágil y satisfactoria.</p>
<p>Por eso, en el marco de este proyecto se describe, ordena, clasifica, y brinda información sobre un determinado hecho o acontecimiento, para resguardar la memoria y conocer la historia de nuestra institución, que es uno de los elementos fundamentales para el crecimiento y desarrollo de nuestra identidad. El testimonio (oral, escrito, material fotográfico, etc) puede restaurar tanto los tiempos pasados como los presentes de nuestra Escuela Normal Superior N°4. El lenguaje hablado agrega particularidad -privilegios y restricciones- recoge y menciona el pasado reciente de nuestra escuela en la voz del protagonista o testigo. Estos archivos y documentos pueden ser usados para analizar los aspectos de la vida escolar e institucional, así como los modos de proceder, tanto en su aspecto real como simbólico; utilizarlos como fuente de información y consulta que nos permite comprender el presente.</p>
<p><img decoding="async" loading="lazy" class="alignnone size-full wp-image-2459" src="https://ens4-caba.infd.edu.ar/sitio/wp-content/uploads/2021/06/Imagen-2.png" alt="" width="885" height="272" srcset="https://ens4-caba.infd.edu.ar/sitio/wp-content/uploads/2021/06/Imagen-2.png 885w, https://ens4-caba.infd.edu.ar/sitio/wp-content/uploads/2021/06/Imagen-2-768x236.png 768w" sizes="(max-width: 885px) 100vw, 885px" /></p>
<p>El<strong> Proyecto Archivo Histórico, Museo y Huellas de la ENS N°4 </strong>articula con cada uno de los Niveles de nuestra Institución a través de diferentes actividades que organiza y presenta el equipo de trabajo.</p>
<p>Con relación al Nivel Terciario, este proyecto:</p>
<p>&#8211; posibilita el acercamiento de los/las estudiantes de ambos Profesorados al conocimiento de la trayectoria institucional en el marco de la historia de la educación en nuestro país, como también los cambios y permanencias que acontecen en las instituciones educativas a lo largo del tiempo. De este modo, favorece la articulación con los diferentes espacios curriculares del Campo de la Formación General.</p>
<p>-permite además trabajar en conjunto con los docentes del Campo de la Formación Específica de cada Profesorado, especialmente en lo relativo a las Enseñanzas de cada área o Nivel, brindando la posibilidad de analizar documentos y materiales utilizados en los diferentes momentos y contextos.</p>
<p>&#8211; facilita el espacio y los recursos disponibles para el desarrollo de investigaciones, prácticas y proyectos en el marco del Campo de la Formación en las Prácticas Docentes de ambas carreras.</p>
<p><strong>Sobre la historia del proyecto:</strong></p>
<p>Este proyecto de extensión comenzó en el año 2013 con las Prof. Ma. Elena Varela y Bárbara Trebino y desde entonces, fue modificándose y adaptándose a las realidades socioeducativas de nuestra institución. Originalmente surgió como <strong>Archivo Histórico y Centro de Documentación</strong>, con el antecedente de tareas de clasificación y organización de los materiales y documentos, llevadas a cabo con el apoyo de horas institucionales del Nivel Terciario. Luego a partir del ciclo lectivo 2016 pudimos contar con la incorporación de la Prof. Marina Chifflet. Y finalmente en el año 2018 cuando ya habíamos conseguido un espacio físico para el museo, el proyecto quedó establecido como <strong>Archivo Histórico, Museo y Huellas de la ENS N°4.</strong></p>
<p><strong>La Noche de los Museos</strong></p>
<p>Uno de los principales motores que nos permitió acercar a toda la Comunidad Educativa de los distintos niveles de nuestra institución, fue la participación en <strong>La Noche de los Museos desde el año 2016, 2017 y 2018 </strong>hemos estado exhibiendo distintas temáticas y actividades educativas. Este evento hizo que, tanto alumnos, como docentes, no docentes, ex alumnos y familias pudieran disfrutar de las actividades ofrecidas durante el año y así conocer más de cerca “su escuela” y desarrollar o acrecentar el sentido de pertenencia.</p>
<p>La apertura al público en general, logró un gran impacto en la comunidad ya que posibilitó que la comunidad del barrio y de otros lugares más lejanos, conociera en profundidad el colegio, su historia pasada y presente.</p>
<p><img decoding="async" loading="lazy" class="alignnone size-full wp-image-2460" src="https://ens4-caba.infd.edu.ar/sitio/wp-content/uploads/2021/06/Imagen-3.png" alt="" width="885" height="616" srcset="https://ens4-caba.infd.edu.ar/sitio/wp-content/uploads/2021/06/Imagen-3.png 885w, https://ens4-caba.infd.edu.ar/sitio/wp-content/uploads/2021/06/Imagen-3-768x535.png 768w" sizes="(max-width: 885px) 100vw, 885px" /></p>
<p><strong>Museo ENS N° 4 “Roberto Gargiulo”</strong></p>
<p>A medida que fue creciendo el volumen de material y patrimonio valioso de diversas fuentes, pudimos darle cierta accesibilidad y llegamos hasta el trabajo minucioso y dedicado que había llevado en un principio, el Prof. Roberto Gargiulo, docente de Cs.Sociales, Práctica y Residencia del Nivel Terciario quien se encuentra hoy en día jubilado, pero sigue brindándonos asesoramiento y material. Él, había preservado y preparado con varios alumnos y docentes de los niveles, material y herramientas didácticas para articular con los futuros maestros tanto del Nivel Inicial como del Nivel Primario de nuestra escuela. Fue entonces que a partir del 2 de mayo de 2019 inauguramos oficialmente el Museo iniciado por el “Prof. Gargiulo”.</p>
<p><img decoding="async" loading="lazy" class="alignnone size-full wp-image-2461" src="https://ens4-caba.infd.edu.ar/sitio/wp-content/uploads/2021/06/Imagen-4.png" alt="" width="885" height="306" srcset="https://ens4-caba.infd.edu.ar/sitio/wp-content/uploads/2021/06/Imagen-4.png 885w, https://ens4-caba.infd.edu.ar/sitio/wp-content/uploads/2021/06/Imagen-4-768x266.png 768w" sizes="(max-width: 885px) 100vw, 885px" /></p>
<p>Allí exponemos varios objetos históricos, material didáctico utilizado desde los inicios de la Escuela Normal Nacional hasta la escuela de hoy.</p>
<p><img decoding="async" loading="lazy" class="alignnone size-full wp-image-2462" src="https://ens4-caba.infd.edu.ar/sitio/wp-content/uploads/2021/06/Imagen-5.png" alt="" width="885" height="283" srcset="https://ens4-caba.infd.edu.ar/sitio/wp-content/uploads/2021/06/Imagen-5.png 885w, https://ens4-caba.infd.edu.ar/sitio/wp-content/uploads/2021/06/Imagen-5-768x246.png 768w" sizes="(max-width: 885px) 100vw, 885px" /></p>
<p><strong>El proyecto en contexto de pandemia:</strong></p>
<p>El año 2020, nos trajo nuevos desafíos ya que hizo que debiéramos empezar a transitar las nuevas modalidades de interacción digital y nos dio también la posibilidad de seguir capacitándonos con el equipo de Huellas de la Escuela y realizar algunos trabajos de conservación y participaciones virtuales en algunos eventos.</p>
<p><strong>Contacto con el equipo a cargo del proyecto:</strong></p>
<p>Mail: <a href="mailto:ens4dmuseos@gmail.com">ens4dmuseos@gmail.com</a></p>
<p>Sitio Web: http: //museoens4.com/ (en desarrollo).</p>

<p>Proyecto Archivo Histórico, Museo y Huellas de la ENS N°4 Acerca de la conformación del equipo: El Proyecto Archivo Histórico, Museo y Huellas de la ENS N° 4 es implementado por las profesoras María Elena Varela y Bárbara Trebino. Función y propósitos del proyecto: El Proyecto Archivo Histórico realiza actividades con docentes de los distintos &#8230; <a title="Proyecto Archivo Histórico, Museo y Huellas de la ENS N°4" class="read-more" href="https://ens4-caba.infd.edu.ar/sitio/proyecto-archivo-historico-museo-y-huellas-de-la-ens-n4/" aria-label="More on Proyecto Archivo Histórico, Museo y Huellas de la ENS N°4">[+]</a></p>
