{"id":2206,"date":"2020-10-01T15:22:52","date_gmt":"2020-10-01T18:22:52","guid":{"rendered":"https:\/\/ens4-caba.infd.edu.ar\/sitio\/?page_id=2206"},"modified":"2023-08-30T11:23:11","modified_gmt":"2023-08-30T14:23:11","slug":"nivel-primario","status":"publish","type":"page","link":"https:\/\/ens4-caba.infd.edu.ar\/sitio\/nivel-primario\/","title":{"rendered":"Nivel Primario"},"content":{"rendered":"<hr>\n\n\n<p class=\"has-text-align-center has-contrast-color has-accent-background-color has-text-color has-background has-medium-font-size\"><strong>NOVEDADES<\/strong><\/p>\n\n\n\n<ul>\n<li>En el mes de junio comenz\u00f3 la construcci\u00f3n del espacio de comedor, cuya finalizaci\u00f3n est\u00e1 prevista para febrero de 2024.<\/li>\n\n\n\n<li>Para capitalizar el trabajo virtual que se realiz\u00f3 durante la pandemia y potenciar los aprendizajes en relaci\u00f3n con lo digital, contamos con una nueva plataforma de trabajo de la escuela. La direcci\u00f3n es <a href=\"http:\/\/primaria.ens4caba.edu.ar\/\">http:\/\/primaria.ens4caba.edu.ar\/<\/a><\/li>\n\n\n\n<li>Trabajamos ESI de manera permanente con la asesor\u00eda del Nivel Terciario.<\/li>\n\n\n\n<li>Participamos en un proyecto de investigaci\u00f3n a cargo de especialistas del CONICET, en la tem\u00e1tica de alfabetizaci\u00f3n inicial.<\/li>\n\n\n\n<li>En el marco de articulaci\u00f3n con el Nivel Inicial, trabajamos en el Proyecto \u201cExtender los l\u00edmites del aula\u201d, incorporando el Parque Rivadavia como un aula a cielo abierto.<\/li>\n<\/ul>\n\n\n\n<hr class=\"wp-block-separator has-alpha-channel-opacity\"\/>\n\n\n\n<p>El nivel primario ofrece una propuesta inclusiva, respetuosa de la diversidad y atenta a las necesidades de nuestros alumnos y alumnas. Trabajamos por una escuela democr\u00e1tica, en la que &nbsp;chicas y chicos exploren su potencial, acompa\u00f1ados\/as por sus docentes.<\/p>\n\n\n\n<p>Trabajamos los conflictos en Consejos de Aula, bas\u00e1ndonos en la Ley de Convivencia 26892 y cumplimos con la Ley 26150 de Educaci\u00f3n Sexual Integral.<\/p>\n\n\n\n<p>Al tratarse de una escuela Normal, articulamos de manera permanente con los dem\u00e1s niveles, lo que garantiza que cada estudiante&nbsp; tiene la oportunidad de realizar su trayectoria escolar en la misma instituci\u00f3n, desde Nivel Inicial hasta el Nivel Terciario, con permanente comunicaci\u00f3n entre los niveles para allanar su camino. <\/p>\n\n\n\n<p>\u00a1Las\/os esperamos!<\/p>\n\n\n\n<hr class=\"wp-block-separator has-alpha-channel-opacity\"\/>\n\n\n\n<p><\/p>\n","protected":false},"excerpt":{"rendered":"<p>NOVEDADES El nivel primario ofrece una propuesta inclusiva, respetuosa de la diversidad y atenta a las necesidades de nuestros alumnos y alumnas. Trabajamos por una escuela democr\u00e1tica, en la que &nbsp;chicas y chicos exploren su potencial, acompa\u00f1ados\/as por sus docentes. Trabajamos los conflictos en Consejos de Aula, bas\u00e1ndonos en la Ley de Convivencia 26892 y &#8230; <a title=\"Nivel Primario\" class=\"read-more\" href=\"https:\/\/ens4-caba.infd.edu.ar\/sitio\/nivel-primario\/\" aria-label=\"More on Nivel Primario\">[+]<\/a><\/p>\n","protected":false},"author":7,"featured_media":0,"parent":0,"menu_order":0,"comment_status":"closed","ping_status":"closed","template":"","meta":[],"acf":[],"_links":{"self":[{"href":"https:\/\/ens4-caba.infd.edu.ar\/sitio\/wp-json\/wp\/v2\/pages\/2206"}],"collection":[{"href":"https:\/\/ens4-caba.infd.edu.ar\/sitio\/wp-json\/wp\/v2\/pages"}],"about":[{"href":"https:\/\/ens4-caba.infd.edu.ar\/sitio\/wp-json\/wp\/v2\/types\/page"}],"author":[{"embeddable":true,"href":"https:\/\/ens4-caba.infd.edu.ar\/sitio\/wp-json\/wp\/v2\/users\/7"}],"replies":[{"embeddable":true,"href":"https:\/\/ens4-caba.infd.edu.ar\/sitio\/wp-json\/wp\/v2\/comments?post=2206"}],"version-history":[{"count":8,"href":"https:\/\/ens4-caba.infd.edu.ar\/sitio\/wp-json\/wp\/v2\/pages\/2206\/revisions"}],"predecessor-version":[{"id":3145,"href":"https:\/\/ens4-caba.infd.edu.ar\/sitio\/wp-json\/wp\/v2\/pages\/2206\/revisions\/3145"}],"wp:attachment":[{"href":"https:\/\/ens4-caba.infd.edu.ar\/sitio\/wp-json\/wp\/v2\/media?parent=2206"}],"curies":[{"name":"wp","href":"https:\/\/api.w.org\/{rel}","templated":true}]}}

<hr>


<p class="has-text-align-center has-contrast-color has-accent-background-color has-text-color has-background has-medium-font-size"><strong>NOVEDADES</strong></p>



<ul>
<li>En el mes de junio comenzó la construcción del espacio de comedor, cuya finalización está prevista para febrero de 2024.</li>



<li>Para capitalizar el trabajo virtual que se realizó durante la pandemia y potenciar los aprendizajes en relación con lo digital, contamos con una nueva plataforma de trabajo de la escuela. La dirección es <a href="http://primaria.ens4caba.edu.ar/">http://primaria.ens4caba.edu.ar/</a></li>



<li>Trabajamos ESI de manera permanente con la asesoría del Nivel Terciario.</li>



<li>Participamos en un proyecto de investigación a cargo de especialistas del CONICET, en la temática de alfabetización inicial.</li>



<li>En el marco de articulación con el Nivel Inicial, trabajamos en el Proyecto “Extender los límites del aula”, incorporando el Parque Rivadavia como un aula a cielo abierto.</li>
</ul>



<hr class="wp-block-separator has-alpha-channel-opacity"/>



<p>El nivel primario ofrece una propuesta inclusiva, respetuosa de la diversidad y atenta a las necesidades de nuestros alumnos y alumnas. Trabajamos por una escuela democrática, en la que &nbsp;chicas y chicos exploren su potencial, acompañados/as por sus docentes.</p>



<p>Trabajamos los conflictos en Consejos de Aula, basándonos en la Ley de Convivencia 26892 y cumplimos con la Ley 26150 de Educación Sexual Integral.</p>



<p>Al tratarse de una escuela Normal, articulamos de manera permanente con los demás niveles, lo que garantiza que cada estudiante&nbsp; tiene la oportunidad de realizar su trayectoria escolar en la misma institución, desde Nivel Inicial hasta el Nivel Terciario, con permanente comunicación entre los niveles para allanar su camino. </p>



<p>¡Las/os esperamos!</p>



<hr class="wp-block-separator has-alpha-channel-opacity"/>



<p></p>

<p>NOVEDADES El nivel primario ofrece una propuesta inclusiva, respetuosa de la diversidad y atenta a las necesidades de nuestros alumnos y alumnas. Trabajamos por una escuela democrática, en la que &nbsp;chicas y chicos exploren su potencial, acompañados/as por sus docentes. Trabajamos los conflictos en Consejos de Aula, basándonos en la Ley de Convivencia 26892 y &#8230; <a title="Nivel Primario" class="read-more" href="https://ens4-caba.infd.edu.ar/sitio/nivel-primario/" aria-label="More on Nivel Primario">[+]</a></p>
